{"id":438,"date":"2018-10-14T16:50:15","date_gmt":"2018-10-14T16:50:15","guid":{"rendered":"https:\/\/www.nivawp.lucian.host\/?page_id=438"},"modified":"2024-01-31T15:53:25","modified_gmt":"2024-01-31T12:53:25","slug":"hakkimizda","status":"publish","type":"page","link":"https:\/\/demetozler.com\/index.php\/hakkimizda\/","title":{"rendered":"Hakk\u0131m\u0131zda"},"content":{"rendered":"<section class=\"wpb-content-wrapper\"><p>[vc_row full_width=&#8221;stretch_row_content_no_spaces&#8221; css=&#8221;.vc_custom_1706694775882{margin-bottom: 0px !important;padding-top: 50px !important;padding-bottom: 100px !important;background-image: url(https:\/\/demetozler.com\/wp-content\/uploads\/2024\/01\/demet-ozler-arka-banner.jpg?id=1695) !important;}&#8221; el_class=&#8221;text-center slider-moving&#8221;][vc_column css=&#8221;.vc_custom_1539553513442{margin-top: 25px !important;}&#8221; offset=&#8221;vc_col-xs-12&#8243;][vc_custom_heading text=&#8221;Bizi yak\u0131ndan tan\u0131y\u0131n&#8221; font_container=&#8221;tag:h2|font_size:60px|text_align:center|line_height:60px&#8221; use_theme_fonts=&#8221;yes&#8221; css=&#8221;.vc_custom_1706694714476{margin-top: 5px !important;margin-bottom: 20px !important;}&#8221; el_class=&#8221;letter-spacing2px looking-for-heading&#8221;]<script>\n                jQuery(function(){\n                    jQuery(\".mt_typed_text_69e06d9d0e70d\").typed({\n                      strings: ['Biz Kimiz?', 'Neler Yap\u0131yoruz?'],\n                      typeSpeed: 1,\n                      backDelay: 2000,\n                      loop: true\n                    });\n                });\n              <\/script><style>.parent-typed-text.mt_typed_text123_69e06d9d0e70e .mt_typed_text { color: !important;}<\/style><div class=\"parent-typed-text mt_typed_text123_69e06d9d0e70e\" style=\"font-size:60px; line-height:60px; letter-spacing:-2px\"><span class=\"mt_typed-beforetext\" style=\"color:\"> <\/span><span class=\"mt_typed_text mt_typed_text_69e06d9d0e70d\"><\/span><span class=\"mt_typed-aftertext\" style=\"color:\"> <\/span><\/div>[vc_column_text css=&#8221;.vc_custom_1706694693196{margin-top: 30px !important;}&#8221;]<\/p>\n<p style=\"text-align: center;\">\u0130\u015f ihtiya\u00e7lar\u0131n\u0131za yarat\u0131c\u0131 \u00e7\u00f6z\u00fcmler \u00fcretmek i\u00e7in s\u00fcrekli \u00e7abal\u0131yoruz.<\/p>\n<p>[\/vc_column_text][\/vc_column][\/vc_row][vc_row css=&#8221;.vc_custom_1706701725923{margin-top: 50px !important;margin-bottom: 55px !important;}&#8221;][vc_column width=&#8221;2\/3&#8243; css=&#8221;.vc_custom_1541546568643{padding-top: 22px !important;}&#8221;]<div class=\"title-subtile-holder text-left\"><h6 class=\"section-title  dark_title\">Demet \u00d6zler Ajans<\/h6><h1 class=\"section-subtitle  dark_subtitle\">Hakk\u0131m\u0131zda<\/h1><p class=\"section-description  light_description\"><\/p><\/div>[vc_empty_space height=&#8221;20px&#8221;][vc_column_text css_animation=&#8221;none&#8221;]20 y\u0131l\u0131 a\u015fk\u0131n s\u00fcredir i\u015f ortaklar\u0131m\u0131za \u00f6zel \u00e7\u00f6z\u00fcmler sunuyoruz. \u0130\u015f ortaklar\u0131m\u0131zla kafa kafaya veriyor, ihtiya\u00e7lar\u0131n\u0131 analiz ediyor, hedef kitlelerini tan\u0131yarak sekt\u00f6r pastalar\u0131ndan ald\u0131klar\u0131 pay\u0131 artt\u0131rmaya \u00e7al\u0131\u015f\u0131yoruz.<\/p>\n<p>Amac\u0131m\u0131z; i\u015f ortaklar\u0131m\u0131z\u0131n farkl\u0131l\u0131klar\u0131n\u0131, g\u00fc\u00e7l\u00fc y\u00f6nlerini ve sunduklar\u0131n\u0131n avantajlar\u0131n\u0131 hedef kitlelerinin bilmesini sa\u011flay\u0131p b\u00fcy\u00fcmelerinde rol almak.<\/p>\n<p>Amac\u0131m\u0131za ula\u015fman\u0131n kolay olmad\u0131\u011f\u0131n\u0131n fark\u0131nday\u0131z; tam da bu nedenle s\u00fcrekli evrilen reklam ve tan\u0131t\u0131m stratejilerine ayak uydurup kendimizi durmadan geli\u015ftiriyoruz.[\/vc_column_text][\/vc_column][vc_column width=&#8221;1\/3&#8243;][vc_empty_space height=&#8221;40px&#8221;][vc_single_image image=&#8221;1796&#8243; img_size=&#8221;full&#8221; css=&#8221;.vc_custom_1706701202029{border-radius: 5px !important;}&#8221;][\/vc_column][\/vc_row][vc_row][vc_column width=&#8221;1\/4&#8243;][vc_empty_space height=&#8221;30px&#8221;][vc_single_image image=&#8221;1798&#8243; img_size=&#8221;full&#8221; css=&#8221;.vc_custom_1706701393793{border-radius: 5px !important;}&#8221;][\/vc_column][vc_column width=&#8221;3\/4&#8243;][vc_column_text css_animation=&#8221;none&#8221;]Geleneksel reklamlar kadar dijital pazarlama y\u00f6ntemlerini de dahil etti\u011fimiz hizmet s\u00fcre\u00e7lerimizde \u00f6l\u00e7\u00fclebilir kalite standartlar\u0131m\u0131zla fark yarat\u0131yoruz. Her m\u00fc\u015fterimizi \u00f6zel olarak ele al\u0131yor; sekt\u00f6rleri, kurum k\u00fclt\u00fcrleri ve iletmek istedikleri mesajlar \u00f6zelinde onlara \u00e7\u00f6z\u00fcmler sunuyoruz.<\/p>\n<p>\u0130\u015f ortaklar\u0131m\u0131zla birlikte biz de giderek g\u00fc\u00e7leniyor ve b\u00fcy\u00fcyoruz. Hizmet kapsam\u0131m\u0131z\u0131 geni\u015fletiyor ve her ko\u015fulda en kaliteli hizmeti sunmak ad\u0131na g\u00fc\u00e7l\u00fc ekibimizle yola devam ediyoruz. \u0130\u015f ortaklar\u0131m\u0131zla yapt\u0131\u011f\u0131m\u0131z her bir g\u00f6r\u00fc\u015fmede pazarlama stratejilerini g\u00f6zden ge\u00e7iriyor ve daha iyiye ula\u015fmalar\u0131 ad\u0131na \u00e7e\u015fitli g\u00f6r\u00fc\u015fler sunarak milenyum \u00e7a\u011f\u0131nda markalar\u0131n\u0131 g\u00fc\u00e7lendirmelerini sa\u011flamak ad\u0131na kendilerine destek oluyoruz.<\/p>\n<p>Demet \u00d6zler Ajans\u2019\u0131n dinamik ve kendinden emin ekibi olarak biz; yarat\u0131c\u0131, e\u015fsiz, ilham veren ve marka de\u011ferini y\u00fckselten i\u015fler ortaya \u00e7\u0131kar\u0131yoruz. \u0130\u015f ortaklar\u0131m\u0131z\u0131 dinleyerek ba\u015flad\u0131\u011f\u0131m\u0131z s\u00fcre\u00e7te onlar\u0131n geri bildirimlerini yol haritam\u0131z olarak kabul ediyor ve giderek g\u00fc\u00e7lenen \u00e7\u0131kt\u0131lar\u0131m\u0131zla fark\u0131m\u0131z\u0131 hissedilir k\u0131l\u0131yoruz.[\/vc_column_text][\/vc_column][\/vc_row][vc_row css=&#8221;.vc_custom_1706701675939{margin-top: 10px !important;margin-bottom: 40px !important;}&#8221;][vc_column width=&#8221;3\/4&#8243; css=&#8221;.vc_custom_1541546568643{padding-top: 22px !important;}&#8221;][vc_column_text css_animation=&#8221;none&#8221;]<\/p>\n<h3>Yerel ve Ulusal Bilinirli\u011fi Artt\u0131r\u0131yoruz<\/h3>\n<p>[\/vc_column_text][vc_column_text css_animation=&#8221;none&#8221;]Web sitesi tasar\u0131m\u0131, sosyal medya y\u00f6netimi, i\u00e7erik pazarlamas\u0131, PR, a\u00e7\u0131k hava reklamc\u0131l\u0131\u011f\u0131 dahil olmak \u00fczere sundu\u011fumuz t\u00fcm hizmetlerle i\u015f ortaklar\u0131m\u0131z\u0131n bilinirliklerini artt\u0131rmak i\u00e7in \u00e7al\u0131\u015f\u0131yoruz.<\/p>\n<p>Reklam ve tan\u0131t\u0131m \u00e7al\u0131\u015fmalar\u0131n\u0131n oda\u011f\u0131n\u0131 m\u00fcmk\u00fcn oldu\u011funca geni\u015f tutarak i\u015f ortaklar\u0131m\u0131z\u0131n normalde eri\u015fim \u015fans\u0131 bulamad\u0131klar\u0131 hedef kitlelerin de fark\u0131ndal\u0131\u011f\u0131n\u0131 artt\u0131r\u0131yoruz. Zaman\u0131 verimli de\u011ferlendiriyor, aceleci davranm\u0131yor ve markalar\u0131n duru\u015funu sa\u011flamla\u015ft\u0131rmak ad\u0131na platform \u00e7e\u015fitlili\u011fine \u00f6nem veriyoruz. Aksi halde yap\u0131lan yat\u0131r\u0131m\u0131n da g\u00f6sterdi\u011fimiz \u00e7abalar\u0131n da yeterli olamayaca\u011f\u0131ndan hareketle i\u015f ortaklar\u0131m\u0131za geri d\u00f6n\u00fc\u015f\u00fc y\u00fcksek hizmetler sunarak ba\u015far\u0131lar\u0131m\u0131z\u0131 ta\u00e7land\u0131r\u0131yoruz.<\/p>\n<p>Ortaya \u00e7\u0131kard\u0131\u011f\u0131m\u0131z hizmetlerin kalitesi kadar yarat\u0131c\u0131l\u0131\u011f\u0131na da \u00f6nem veriyoruz. \u0130\u015f ortaklar\u0131m\u0131z\u0131n imzas\u0131n\u0131 ta\u015f\u0131yan i\u015flerimizin parmak izleri kadar e\u015fsiz olmas\u0131 i\u00e7in alan\u0131nda profesyonel ekip \u00fcyelerimizle \u00e7al\u0131\u015f\u0131yoruz.<\/p>\n<p>Daha iyiye giden yolda, i\u015f ortaklar\u0131m\u0131z\u0131n rakiplerinin standartlar\u0131n\u0131 da \u00e7\u0131kard\u0131\u011f\u0131m\u0131z i\u015flerle y\u00fckseltiyoruz.[\/vc_column_text][\/vc_column][vc_column width=&#8221;1\/4&#8243;][vc_empty_space height=&#8221;80px&#8221;][vc_single_image image=&#8221;1805&#8243; img_size=&#8221;full&#8221; css=&#8221;.vc_custom_1706701799616{border-radius: 5px !important;}&#8221;][\/vc_column][\/vc_row]<\/p>\n<\/section>","protected":false},"excerpt":{"rendered":"<p>[vc_row full_width=&#8221;stretch_row_content_no_spaces&#8221; css=&#8221;.vc_custom_1706694775882{margin-bottom: 0px !important;padding-top: 50px !important;padding-bottom: 100px !important;background-image: url(https:\/\/demetozler.com\/wp-content\/uploads\/2024\/01\/demet-ozler-arka-banner.jpg?id=1695) !important;}&#8221; el_class=&#8221;text-center slider-moving&#8221;][vc_column css=&#8221;.vc_custom_1539553513442{margin-top: 25px !important;}&#8221; offset=&#8221;vc_col-xs-12&#8243;][vc_custom_heading text=&#8221;Bizi yak\u0131ndan tan\u0131y\u0131n&#8221; font_container=&#8221;tag:h2|font_size:60px|text_align:center|line_height:60px&#8221; use_theme_fonts=&#8221;yes&#8221; css=&#8221;.vc_custom_1706694714476{margin-top: 5px !important;margin-bottom: 20px !important;}&#8221; el_class=&#8221;letter-spacing2px looking-for-heading&#8221;][vc_column_text css=&#8221;.vc_custom_1706694693196{margin-top: 30px !important;}&#8221;] \u0130\u015f ihtiya\u00e7lar\u0131n\u0131za yarat\u0131c\u0131 \u00e7\u00f6z\u00fcmler \u00fcretmek i\u00e7in s\u00fcrekli \u00e7abal\u0131yoruz. [\/vc_column_text][\/vc_column][\/vc_row][vc_row css=&#8221;.vc_custom_1706701725923{margin-top: 50px !important;margin-bottom: 55px !important;}&#8221;][vc_column width=&#8221;2\/3&#8243; css=&#8221;.vc_custom_1541546568643{padding-top: 22px !important;}&#8221;][vc_empty_space height=&#8221;20px&#8221;][vc_column_text css_animation=&#8221;none&#8221;]20 y\u0131l\u0131 a\u015fk\u0131n s\u00fcredir [&hellip;]<\/p>\n","protected":false},"author":1,"featured_media":0,"parent":0,"menu_order":0,"comment_status":"closed","ping_status":"closed","template":"","meta":{"footnotes":""},"class_list":["post-438","page","type-page","status-publish","hentry"],"_links":{"self":[{"href":"https:\/\/demetozler.com\/index.php\/wp-json\/wp\/v2\/pages\/438","targetHints":{"allow":["GET"]}}],"collection":[{"href":"https:\/\/demetozler.com\/index.php\/wp-json\/wp\/v2\/pages"}],"about":[{"href":"https:\/\/demetozler.com\/index.php\/wp-json\/wp\/v2\/types\/page"}],"author":[{"embeddable":true,"href":"https:\/\/demetozler.com\/index.php\/wp-json\/wp\/v2\/users\/1"}],"replies":[{"embeddable":true,"href":"https:\/\/demetozler.com\/index.php\/wp-json\/wp\/v2\/comments?post=438"}],"version-history":[{"count":12,"href":"https:\/\/demetozler.com\/index.php\/wp-json\/wp\/v2\/pages\/438\/revisions"}],"predecessor-version":[{"id":1806,"href":"https:\/\/demetozler.com\/index.php\/wp-json\/wp\/v2\/pages\/438\/revisions\/1806"}],"wp:attachment":[{"href":"https:\/\/demetozler.com\/index.php\/wp-json\/wp\/v2\/media?parent=438"}],"curies":[{"name":"wp","href":"https:\/\/api.w.org\/{rel}","templated":true}]}}